{"id":59,"date":"2026-03-01T00:34:35","date_gmt":"2026-03-01T00:34:35","guid":{"rendered":"https:\/\/luyatha.com.br\/?page_id=59"},"modified":"2026-03-01T00:44:26","modified_gmt":"2026-03-01T00:44:26","slug":"sobre-nos","status":"publish","type":"page","link":"https:\/\/luyatha.com.br\/luyatha-home\/sobre-nos\/","title":{"rendered":"Sobre N\u00f3s"},"content":{"rendered":"\t\t<div data-elementor-type=\"wp-page\" data-elementor-id=\"59\" class=\"elementor elementor-59\" data-elementor-post-type=\"page\">\n\t\t\t\t<div class=\"elementor-element elementor-element-eb1eb40 e-flex e-con-boxed e-con e-parent\" data-id=\"eb1eb40\" data-element_type=\"container\" data-e-type=\"container\">\n\t\t\t\t\t<div class=\"e-con-inner\">\n\t\t\t\t<div class=\"elementor-element elementor-element-980d2dc elementor-widget elementor-widget-heading\" data-id=\"980d2dc\" data-element_type=\"widget\" data-e-type=\"widget\" data-widget_type=\"heading.default\">\n\t\t\t\t\t<h2 class=\"elementor-heading-title elementor-size-default\">Sobre N\u00f3s<\/h2>\t\t\t\t<\/div>\n\t\t\t\t\t<\/div>\n\t\t\t\t<\/div>\n\t\t<div class=\"elementor-element elementor-element-7aca0f64 e-flex e-con-boxed e-con e-parent\" data-id=\"7aca0f64\" data-element_type=\"container\" data-e-type=\"container\" data-settings=\"{&quot;background_background&quot;:&quot;classic&quot;}\">\n\t\t\t\t\t<div class=\"e-con-inner\">\n\t\t<div class=\"elementor-element elementor-element-d232589 e-con-full e-flex e-con e-child\" data-id=\"d232589\" data-element_type=\"container\" data-e-type=\"container\">\n\t\t\t\t<div class=\"elementor-element elementor-element-1f9c6709 elementor-widget__width-initial elementor-widget elementor-widget-image\" data-id=\"1f9c6709\" data-element_type=\"widget\" data-e-type=\"widget\" data-widget_type=\"image.default\">\n\t\t\t\t\t\t\t\t\t\t\t\t\t\t\t\t<a href=\"http:\/\/www.luyatha.com.br\/home\">\n\t\t\t\t\t\t\t<img decoding=\"async\" width=\"300\" height=\"75\" src=\"https:\/\/luyatha.com.br\/wp-content\/uploads\/2025\/08\/Logo-Luyatha-300-x-150-300-x-75-px.webp\" class=\"attachment-medium size-medium wp-image-46\" alt=\"\" \/>\t\t\t\t\t\t\t\t<\/a>\n\t\t\t\t\t\t\t\t\t\t\t\t\t\t\t<\/div>\n\t\t\t\t<\/div>\n\t\t<div class=\"elementor-element elementor-element-b5b3a1 e-con-full e-flex e-con e-child\" data-id=\"b5b3a1\" data-element_type=\"container\" data-e-type=\"container\">\n\t\t\t\t<div class=\"elementor-element elementor-element-1fd1ce4f elementor-widget elementor-widget-heading\" data-id=\"1fd1ce4f\" data-element_type=\"widget\" data-e-type=\"widget\" data-widget_type=\"heading.default\">\n\t\t\t\t\t<h2 class=\"elementor-heading-title elementor-size-default\">LUYATHA  <\/h2>\t\t\t\t<\/div>\n\t\t\t\t<div class=\"elementor-element elementor-element-bcc9b40 elementor-widget elementor-widget-text-editor\" data-id=\"bcc9b40\" data-element_type=\"widget\" data-e-type=\"widget\" data-widget_type=\"text-editor.default\">\n\t\t\t\t\t\t\t\t\t<p style=\"text-align: center;\"><span style=\"color: #ffffff;\">TEXTOS, RESENHAS E HIST\u00d3RIAS<\/span><\/p>\t\t\t\t\t\t\t\t<\/div>\n\t\t\t\t<\/div>\n\t\t\t\t\t<\/div>\n\t\t\t\t<\/div>\n\t\t<div class=\"elementor-element elementor-element-1fa57bc4 e-flex e-con-boxed e-con e-parent\" data-id=\"1fa57bc4\" data-element_type=\"container\" data-e-type=\"container\" data-settings=\"{&quot;background_background&quot;:&quot;classic&quot;}\">\n\t\t\t\t\t<div class=\"e-con-inner\">\n\t\t\t\t<div class=\"elementor-element elementor-element-3beefe34 elementor-nav-menu--dropdown-tablet elementor-nav-menu__text-align-aside elementor-nav-menu--toggle elementor-nav-menu--burger elementor-widget elementor-widget-nav-menu\" data-id=\"3beefe34\" data-element_type=\"widget\" data-e-type=\"widget\" data-settings=\"{&quot;layout&quot;:&quot;horizontal&quot;,&quot;submenu_icon&quot;:{&quot;value&quot;:&quot;&lt;svg aria-hidden=\\&quot;true\\&quot; class=\\&quot;e-font-icon-svg e-fas-caret-down\\&quot; viewBox=\\&quot;0 0 320 512\\&quot; xmlns=\\&quot;http:\\\/\\\/www.w3.org\\\/2000\\\/svg\\&quot;&gt;&lt;path d=\\&quot;M31.3 192h257.3c17.8 0 26.7 21.5 14.1 34.1L174.1 354.8c-7.8 7.8-20.5 7.8-28.3 0L17.2 226.1C4.6 213.5 13.5 192 31.3 192z\\&quot;&gt;&lt;\\\/path&gt;&lt;\\\/svg&gt;&quot;,&quot;library&quot;:&quot;fa-solid&quot;},&quot;toggle&quot;:&quot;burger&quot;}\" data-widget_type=\"nav-menu.default\">\n\t\t\t\t\t\t\t\t<nav aria-label=\"Menu\" class=\"elementor-nav-menu--main elementor-nav-menu__container elementor-nav-menu--layout-horizontal e--pointer-underline e--animation-fade\">\n\t\t\t\t<ul id=\"menu-1-3beefe34\" class=\"elementor-nav-menu\"><li class=\"menu-item menu-item-type-post_type menu-item-object-page menu-item-home menu-item-125\"><a href=\"https:\/\/luyatha.com.br\/luyatha-home\/\" class=\"elementor-item\">Home<\/a><\/li>\n<li class=\"menu-item menu-item-type-taxonomy menu-item-object-category menu-item-54\"><a href=\"https:\/\/luyatha.com.br\/luyatha-home\/category\/reflexoes\/\" class=\"elementor-item\">Livros<\/a><\/li>\n<li class=\"menu-item menu-item-type-taxonomy menu-item-object-category menu-item-56\"><a href=\"https:\/\/luyatha.com.br\/luyatha-home\/category\/viagens\/\" class=\"elementor-item\">Filmes<\/a><\/li>\n<li class=\"menu-item menu-item-type-taxonomy menu-item-object-category menu-item-53\"><a href=\"https:\/\/luyatha.com.br\/luyatha-home\/category\/filmes\/\" class=\"elementor-item\">Hist\u00f3rias<\/a><\/li>\n<li class=\"menu-item menu-item-type-taxonomy menu-item-object-category menu-item-55\"><a href=\"https:\/\/luyatha.com.br\/luyatha-home\/category\/historias\/\" class=\"elementor-item\">Cr\u00f4nicas<\/a><\/li>\n<\/ul>\t\t\t<\/nav>\n\t\t\t\t\t<div class=\"elementor-menu-toggle\" role=\"button\" tabindex=\"0\" aria-label=\"Menu Toggle\" aria-expanded=\"false\">\n\t\t\t<svg aria-hidden=\"true\" role=\"presentation\" class=\"elementor-menu-toggle__icon--open e-font-icon-svg e-eicon-menu-bar\" viewBox=\"0 0 1000 1000\" xmlns=\"http:\/\/www.w3.org\/2000\/svg\"><path d=\"M104 333H896C929 333 958 304 958 271S929 208 896 208H104C71 208 42 237 42 271S71 333 104 333ZM104 583H896C929 583 958 554 958 521S929 458 896 458H104C71 458 42 487 42 521S71 583 104 583ZM104 833H896C929 833 958 804 958 771S929 708 896 708H104C71 708 42 737 42 771S71 833 104 833Z\"><\/path><\/svg><svg aria-hidden=\"true\" role=\"presentation\" class=\"elementor-menu-toggle__icon--close e-font-icon-svg e-eicon-close\" viewBox=\"0 0 1000 1000\" xmlns=\"http:\/\/www.w3.org\/2000\/svg\"><path d=\"M742 167L500 408 258 167C246 154 233 150 217 150 196 150 179 158 167 167 154 179 150 196 150 212 150 229 154 242 171 254L408 500 167 742C138 771 138 800 167 829 196 858 225 858 254 829L496 587 738 829C750 842 767 846 783 846 800 846 817 842 829 829 842 817 846 804 846 783 846 767 842 750 829 737L588 500 833 258C863 229 863 200 833 171 804 137 775 137 742 167Z\"><\/path><\/svg>\t\t<\/div>\n\t\t\t\t\t<nav class=\"elementor-nav-menu--dropdown elementor-nav-menu__container\" aria-hidden=\"true\">\n\t\t\t\t<ul id=\"menu-2-3beefe34\" class=\"elementor-nav-menu\"><li class=\"menu-item menu-item-type-post_type menu-item-object-page menu-item-home menu-item-125\"><a href=\"https:\/\/luyatha.com.br\/luyatha-home\/\" class=\"elementor-item\" tabindex=\"-1\">Home<\/a><\/li>\n<li class=\"menu-item menu-item-type-taxonomy menu-item-object-category menu-item-54\"><a href=\"https:\/\/luyatha.com.br\/luyatha-home\/category\/reflexoes\/\" class=\"elementor-item\" tabindex=\"-1\">Livros<\/a><\/li>\n<li class=\"menu-item menu-item-type-taxonomy menu-item-object-category menu-item-56\"><a href=\"https:\/\/luyatha.com.br\/luyatha-home\/category\/viagens\/\" class=\"elementor-item\" tabindex=\"-1\">Filmes<\/a><\/li>\n<li class=\"menu-item menu-item-type-taxonomy menu-item-object-category menu-item-53\"><a href=\"https:\/\/luyatha.com.br\/luyatha-home\/category\/filmes\/\" class=\"elementor-item\" tabindex=\"-1\">Hist\u00f3rias<\/a><\/li>\n<li class=\"menu-item menu-item-type-taxonomy menu-item-object-category menu-item-55\"><a href=\"https:\/\/luyatha.com.br\/luyatha-home\/category\/historias\/\" class=\"elementor-item\" tabindex=\"-1\">Cr\u00f4nicas<\/a><\/li>\n<\/ul>\t\t\t<\/nav>\n\t\t\t\t\t\t<\/div>\n\t\t\t\t<div class=\"elementor-element elementor-element-1c1176e5 elementor-widget elementor-widget-search\" data-id=\"1c1176e5\" data-element_type=\"widget\" data-e-type=\"widget\" data-settings=\"{&quot;submit_trigger&quot;:&quot;click_submit&quot;,&quot;pagination_type_options&quot;:&quot;none&quot;}\" data-widget_type=\"search.default\">\n\t\t\t\t\t\t\t<search class=\"e-search hidden\" role=\"search\">\n\t\t\t<form class=\"e-search-form\" action=\"https:\/\/luyatha.com.br\/luyatha-home\" method=\"get\">\n\n\t\t\t\t\n\t\t\t\t<label class=\"e-search-label\" for=\"search-1c1176e5\">\n\t\t\t\t\t<span class=\"elementor-screen-only\">\n\t\t\t\t\t\tSearch\t\t\t\t\t<\/span>\n\t\t\t\t\t\t\t\t\t<\/label>\n\n\t\t\t\t<div class=\"e-search-input-wrapper\">\n\t\t\t\t\t<input id=\"search-1c1176e5\" placeholder=\"Pesquise aqui\" class=\"e-search-input\" type=\"search\" name=\"s\" value=\"\" autocomplete=\"off\" role=\"combobox\" aria-autocomplete=\"list\" aria-expanded=\"false\" aria-controls=\"results-1c1176e5\" aria-haspopup=\"listbox\">\n\t\t\t\t\t\t\t\t\t\t\t\t\t\t\t<output id=\"results-1c1176e5\" class=\"e-search-results-container hide-loader\" aria-live=\"polite\" aria-atomic=\"true\" aria-label=\"Results for search\" tabindex=\"0\">\n\t\t\t\t\t\t<div class=\"e-search-results\"><\/div>\n\t\t\t\t\t\t\t\t\t\t\t<\/output>\n\t\t\t\t\t\t\t\t\t<\/div>\n\t\t\t\t\n\t\t\t\t\n\t\t\t\t<button class=\"e-search-submit  \" type=\"submit\" aria-label=\"Search\">\n\t\t\t\t\t<svg aria-hidden=\"true\" class=\"e-font-icon-svg e-fas-search\" viewBox=\"0 0 512 512\" xmlns=\"http:\/\/www.w3.org\/2000\/svg\"><path d=\"M505 442.7L405.3 343c-4.5-4.5-10.6-7-17-7H372c27.6-35.3 44-79.7 44-128C416 93.1 322.9 0 208 0S0 93.1 0 208s93.1 208 208 208c48.3 0 92.7-16.4 128-44v16.3c0 6.4 2.5 12.5 7 17l99.7 99.7c9.4 9.4 24.6 9.4 33.9 0l28.3-28.3c9.4-9.4 9.4-24.6.1-34zM208 336c-70.7 0-128-57.2-128-128 0-70.7 57.2-128 128-128 70.7 0 128 57.2 128 128 0 70.7-57.2 128-128 128z\"><\/path><\/svg>\n\t\t\t\t\t\t\t\t\t<\/button>\n\t\t\t\t<input type=\"hidden\" name=\"e_search_props\" value=\"1c1176e5-59\">\n\t\t\t<\/form>\n\t\t<\/search>\n\t\t\t\t\t\t<\/div>\n\t\t\t\t\t<\/div>\n\t\t\t\t<\/div>\n\t\t<div class=\"elementor-element elementor-element-321ee57f e-flex e-con-boxed e-con e-parent\" data-id=\"321ee57f\" data-element_type=\"container\" data-e-type=\"container\" data-settings=\"{&quot;background_background&quot;:&quot;classic&quot;}\">\n\t\t\t\t\t<div class=\"e-con-inner\">\n\t\t\t\t<div class=\"elementor-element elementor-element-f5b6ed6 elementor-widget elementor-widget-heading\" data-id=\"f5b6ed6\" data-element_type=\"widget\" data-e-type=\"widget\" data-widget_type=\"heading.default\">\n\t\t\t\t\t<h2 class=\"elementor-heading-title elementor-size-default\">SOBRE N\u00d3S<\/h2>\t\t\t\t<\/div>\n\t\t\t\t<div class=\"elementor-element elementor-element-ee14eea elementor-widget elementor-widget-text-editor\" data-id=\"ee14eea\" data-element_type=\"widget\" data-e-type=\"widget\" data-widget_type=\"text-editor.default\">\n\t\t\t\t\t\t\t\t\t<p><span style=\"color: #ffffff;\">Somos um time pequeno, mas cheio de imagina\u00e7\u00e3o.<\/span><br \/><span style=\"color: #ffffff;\">Criamos o Luyatha para explorar hist\u00f3rias, teorias, filmes, livros e tudo o que desperta aquela fa\u00edsca de curiosidade.<\/span><br \/><span style=\"color: #ffffff;\">Escrevemos sem pressa, sem f\u00f3rmulas e sem medo de pensar diferente.<\/span><br \/><span style=\"color: #ffffff;\">Se voc\u00ea gosta de mergulhar em ideias, est\u00e1 no lugar certo.<\/span><\/p>\t\t\t\t\t\t\t\t<\/div>\n\t\t\t\t<div class=\"elementor-element elementor-element-b379fff elementor-widget elementor-widget-text-editor\" data-id=\"b379fff\" data-element_type=\"widget\" data-e-type=\"widget\" data-widget_type=\"text-editor.default\">\n\t\t\t\t\t\t\t\t\t<p data-start=\"1899\" data-end=\"2154\"><span style=\"color: #ffffff;\">O site luyatha participa de programas de afiliados de empresas como Amazon, Shopee, Magalu, Mercado Livre e outras. Isso significa que podemos receber uma comiss\u00e3o pelas compras realizadas por meio dos links divulgados aqui, sem custo adicional para voc\u00ea.<\/span><\/p><p data-start=\"2156\" data-end=\"2344\"><span style=\"color: #ffffff;\">N\u00e3o temos controle sobre pre\u00e7os, disponibilidade, prazo de entrega ou condi\u00e7\u00f5es de pagamento dos produtos exibidos. Essas informa\u00e7\u00f5es s\u00e3o de responsabilidade exclusiva das lojas parceiras.<\/span><\/p>\t\t\t\t\t\t\t\t<\/div>\n\t\t\t\t\t<\/div>\n\t\t\t\t<\/div>\n\t\t<div class=\"elementor-element elementor-element-3963bf64 e-flex e-con-boxed e-con e-parent\" data-id=\"3963bf64\" data-element_type=\"container\" data-e-type=\"container\" data-settings=\"{&quot;background_background&quot;:&quot;classic&quot;}\">\n\t\t\t\t\t<div class=\"e-con-inner\">\n\t\t<div class=\"elementor-element elementor-element-312c8e06 e-con-full e-flex e-con e-child\" data-id=\"312c8e06\" data-element_type=\"container\" data-e-type=\"container\">\n\t\t\t\t<div class=\"elementor-element elementor-element-f6b098f elementor-widget elementor-widget-image\" data-id=\"f6b098f\" data-element_type=\"widget\" data-e-type=\"widget\" data-widget_type=\"image.default\">\n\t\t\t\t\t\t\t\t\t\t\t\t\t\t\t<img decoding=\"async\" width=\"300\" height=\"75\" src=\"https:\/\/luyatha.com.br\/wp-content\/uploads\/2025\/08\/Logo-Luyatha-300-x-150-300-x-75-px.webp\" class=\"attachment-medium size-medium wp-image-46\" alt=\"\" \/>\t\t\t\t\t\t\t\t\t\t\t\t\t\t\t<\/div>\n\t\t\t\t<\/div>\n\t\t<div class=\"elementor-element elementor-element-81077d2 e-con-full e-flex e-con e-child\" data-id=\"81077d2\" data-element_type=\"container\" data-e-type=\"container\">\n\t\t\t\t<div class=\"elementor-element elementor-element-3e5d5056 elementor-widget elementor-widget-text-editor\" data-id=\"3e5d5056\" data-element_type=\"widget\" data-e-type=\"widget\" data-widget_type=\"text-editor.default\">\n\t\t\t\t\t\t\t\t\t<ul><li><span style=\"color: #ffffff;\"><a style=\"color: #ffffff;\" href=\"http:\/\/www.luyatha.com.br\/home\">Home<\/a><\/span><\/li><li><a href=\"https:\/\/luyatha.com.br\/luyatha-home\/sobre-nos\/\" target=\"_blank\" rel=\"noopener\"><span style=\"color: #ffffff;\">Sobre N\u00f3s<\/span><\/a><\/li><li><a href=\"contato@luyatha.com.br\" target=\"_blank\" rel=\"noopener\"><span style=\"color: #ffffff;\">Contato<\/span><\/a><\/li><li><a href=\"https:\/\/luyatha.com.br\/luyatha-home\/politica-de-privacidade\/\" target=\"_blank\" rel=\"noopener\"><span style=\"color: #ffffff;\">Pol\u00edtica de privacidade<\/span><\/a><\/li><\/ul>\t\t\t\t\t\t\t\t<\/div>\n\t\t\t\t<div class=\"elementor-element elementor-element-7d8856d6 elementor-widget elementor-widget-text-editor\" data-id=\"7d8856d6\" data-element_type=\"widget\" data-e-type=\"widget\" data-widget_type=\"text-editor.default\">\n\t\t\t\t\t\t\t\t\t<p><span style=\"color: #ffffff;\">\u00a9 2025 luyatha. Todos os direitos reservados.\u00a0<\/span><\/p><p data-start=\"1899\" data-end=\"2154\"><span style=\"color: #ffffff;\"><!--StartFragment --><\/span><\/p><p><span style=\"color: #ffffff;\">Somos um time pequeno, mas cheio de imagina\u00e7\u00e3o.<\/span><br \/><span style=\"color: #ffffff;\">Criamos o Luyatha para explorar hist\u00f3rias, teorias, filmes, livros e tudo o que desperta aquela fa\u00edsca de curiosidade.<\/span><br \/><span style=\"color: #ffffff;\">Escrevemos sem pressa, sem f\u00f3rmulas e sem medo de pensar diferente.<\/span><br \/><span style=\"color: #ffffff;\">Se voc\u00ea gosta de mergulhar em ideias, est\u00e1 no lugar certo.<\/span><!--EndFragment --><\/p>\t\t\t\t\t\t\t\t<\/div>\n\t\t\t\t<\/div>\n\t\t\t\t\t<\/div>\n\t\t\t\t<\/div>\n\t\t\t\t<\/div>\n\t\t","protected":false},"excerpt":{"rendered":"<p>Sobre N\u00f3s LUYATHA TEXTOS, RESENHAS E HIST\u00d3RIAS Search SOBRE N\u00d3S Somos um time pequeno, mas cheio de imagina\u00e7\u00e3o.Criamos o Luyatha para explorar hist\u00f3rias, teorias, filmes, livros e tudo o que desperta aquela fa\u00edsca de curiosidade.Escrevemos sem pressa, sem f\u00f3rmulas e sem medo de pensar diferente.Se voc\u00ea gosta de mergulhar em ideias, est\u00e1 no lugar certo. [&hellip;]<\/p>\n","protected":false},"author":1,"featured_media":0,"parent":0,"menu_order":0,"comment_status":"closed","ping_status":"closed","template":"elementor_canvas","meta":{"footnotes":""},"class_list":["post-59","page","type-page","status-publish","hentry"],"_hostinger_reach_plugin_has_subscription_block":false,"_hostinger_reach_plugin_is_elementor":false,"_links":{"self":[{"href":"https:\/\/luyatha.com.br\/luyatha-home\/wp-json\/wp\/v2\/pages\/59","targetHints":{"allow":["GET"]}}],"collection":[{"href":"https:\/\/luyatha.com.br\/luyatha-home\/wp-json\/wp\/v2\/pages"}],"about":[{"href":"https:\/\/luyatha.com.br\/luyatha-home\/wp-json\/wp\/v2\/types\/page"}],"author":[{"embeddable":true,"href":"https:\/\/luyatha.com.br\/luyatha-home\/wp-json\/wp\/v2\/users\/1"}],"replies":[{"embeddable":true,"href":"https:\/\/luyatha.com.br\/luyatha-home\/wp-json\/wp\/v2\/comments?post=59"}],"version-history":[{"count":13,"href":"https:\/\/luyatha.com.br\/luyatha-home\/wp-json\/wp\/v2\/pages\/59\/revisions"}],"predecessor-version":[{"id":225,"href":"https:\/\/luyatha.com.br\/luyatha-home\/wp-json\/wp\/v2\/pages\/59\/revisions\/225"}],"wp:attachment":[{"href":"https:\/\/luyatha.com.br\/luyatha-home\/wp-json\/wp\/v2\/media?parent=59"}],"curies":[{"name":"wp","href":"https:\/\/api.w.org\/{rel}","templated":true}]}}